4
Calculate -22 - -24 - (-1 + -3 - -14).
-8
Evaluate (27 - 19) + 16 + -18 + (1 - 1).
6
Evaluate (-1 - 3) + 22 + 1.
19
Evaluate -23 + (-23 - (0 - 49)) - (-1 + -10).
14
(25 - (43 - 26)) + -25
-17
What is the value of 8 + 0 + -13 + -10?
-15
What is the value of 2 + (2 - (3 - (9 + -12 + 4)))?
2
What is -8 + (-1 - (-39 + 12)) + 12 - -2?
32
9 - (2 + -7 + -3 - (19 - 24))
12
What is -12 + 4 - (6 - (11 - -2) - 3)?
2
What is the value of 4 + (2 - 2) + -5 + -2?
-3
Evaluate 20 - (0 - 0) - (12 - (18 - 9)).
17
What is -1 - -4 - (-2 + 10 + -4) - -2?
1
What is (9 - 2) + 178 + -194?
-9
(-2 - -7 - -9) + -9 + 19
24
What is -6 + 1 + 15 + -8 + -9 + 10?
3
28 + -36 - (-2 + 0 - -2)
-8
Calculate 0 + -8 + 27 + -15.
4
What is the value of 25 + -24 + (-50 - -37)?
-12
Calculate -3 + -44 - (-10 + 12 - 5) - -8.
-36
What is -3 - (-2 - (3 + 1 + -11))?
-8
What is the value of 5 - (10 + -15 + 2) - (0 + 14)?
-6
What is 10 + -2 + -3 + 2?
7
Evaluate (50 - 24 - 10) + 9.
25
6 + (2 + -27 + -3 - -3)
-19
What is (22 - 25 - -2) + 10 + -1?
8
13 - 0 - (-149 + 147 - (-8 - -2))
9
What is the value of 12 + (5 - 22) - (1 - -1)?
-7
-2 + (-1 - -1) + (-193 - -185)
-10
What is the value of (27 - 30) + (9 + -5 - -5)?
6
Evaluate -7 - (0 - 1) - (0 + -21 + 24).
-9
Evaluate -85 + 72 - (2 + -15).
0
What is the value of 62 + -59 + -1 + -1 - 5?
-4
8 - 13 - (-6 + 11)
-10
What is the value of (91 + -106 - (-10 - -1)) + -5?
-11
(6 - -10) + -14 + (3 - 1)
4
Calculate (0 - 2) + (-1 - (-29 + 16)).
10
Calculate 39 - (17 - 7) - 20 - 39.
-30
What is -19 - -19 - (0 - (-2 + 3) - -7)?
-6
What is -9 - -23 - 4 - (-4 + 3 + 1)?
10
Calculate 18 + -2 - (11 - -17).
-12
What is -21 + 21 + -8 + 1 + (0 - -21)?
14
Calculate 5 + 17 + 33 + -53.
2
-5 + (1 - -2) + (19 - 20) + 13
10
Calculate 2 + 1 + (-6 - 0) - -4.
1
-15 - (-8 - (-5 - -5))
-7
Evaluate 15 + -8 + -22 + 17.
2
What is -4 - (-6 + 0) - (425 + -447)?
24
What is 673 + -707 - (-48 - 0)?
14
1 - (12 - (-2 - -7)) - (8 + -3)
-11
What is -1 + (5 - 2) - (0 + 7 + 0)?
-5
Evaluate (-6 - (6 + -5 + -8)) + 5 + -13.
-7
What is the value of 1 - (0 - (7 - -1)) - 20?
-11
Evaluate 24 - (10 - (22 + -26)).
10
-1 + (5 - 3) - 0
1
What is (3 - (0 - 1 - 0)) + (-28 - -20)?
-4
Evaluate 15 - 16 - 12 - (-6 + 2).
-9
What is the value of 17 + 30 + -16 - (-1 - 1) - 9?
24
3 + (-12 - (-20 + 12)) - (-20 - 0)
19
What is 3 + 2 + 23 + -26 + 10 + -3?
9
Calculate 5 - (-2 - -2) - (160 - 168).
13
What is the value of 12 + -2 + -4 + -1 + -2 + 3?
6
What is the value of (-3 - (0 + -19)) + -21 - -34?
29
What is the value of (14 - -14) + (-11 + 0 + -3 - -8)?
22
Evaluate 3 + (-21 - -5) - -6.
-7
What is 27 - 22 - (4 + (-4 - 3) + 3)?
5
What is -2 + 20 + (157 - 150)?
25
-15 - 14 - 10 - -32
-7
-1 + 7 + (-2 - 3 - -6) + 6
13
Evaluate (1 - 8) + 1 - (12 - 19 - -4).
-3
Calculate 34 - (-32 - (18 - 69)).
15
What is -12 - (-3 - 2 - (-7 - (-3 - 2)))?
-9
What is 39 + -23 + 4 + 3?
23
36 + (11 - 2) + -35
10
-19 + -4 + 13 - (6 - 1)
-15
23 - (20 + 1 + 22)
-20
Calculate -14 + 7 + 2 + (5 - 2).
-2
Calculate 5 + -9 + 183 + -182 + -5 + 1.
-7
What is the value of 2 + 3 - (47 + (-50 - -22))?
-14
9 + (-7 - -12) - 14
0
(2 - (6 - -2)) + (-3 - 11 - -9)
-11
Calculate 0 + -1 + (-7 + (-9 - -13) - -9).
5
What is -4 - (-19 - (7 + -42))?
-20
What is the value of (2 - 0) + 16 - (19 - (26 + -14))?
11
Evaluate -11 + -2 + (116 - 125).
-22
What is 8 + -7 + (1 - 6) + 14?
10
What is the value of 9 + 18 + -17 + -11?
-1
What is 126 - 139 - (0 - (4 - 2)) - -31?
20
What is the value of 49 - 55 - ((-7 - 1) + 0) - 6?
-4
3 - ((0 - 6) + 64 + -48)
-7
What is -43 - (-5 + -16 - 14)?
-8
Calculate (-1 + 1 - -4 - 3) + -50 + 52.
3
Calculate -29 - -65 - 48 - (-27 + -1).
16
Calculate 11 + (-3 - -26) + -22.
12
Evaluate (-1 + 14 - (-142 + 125)) + -17.
13
Calculate -19 + (6 + 0 + -6 - -5) + 2.
-12
Calculate (0 - 11 - (2 + -5)) + 99 + -79.
12
What is -124 + 154 + -54 + 1?
-23
What is the value of 9 + (-1 - 5) + -3 + (-15 - -17)?
2
9 - ((-22 - -19 - (15 + -3)) + 5)
19
2 + 35 + 7 + -39
5
What is 9 + 6 - (-12 + 31)?
-4
Calculate (12 - -12) + -14 + -33.
-23
What is -6 + (-7 - (-4 + -8)) + (-1 - 20)?
-22
Evaluate -12 + (52 + -52 - (-10 - 0)).
-2
Calculate 1 + -11 + -2 - (-51 + 24).
15
Calculate 2 - 5 - (-2 - (5 - -2 - 8)).
-2
What is the value of -1 + 13 + (-6 - 7) + 5 + 3?
7
-5 - -4 - 15 - (93 - 89)
-20
What is (-12 - -1) + (-33 - -61) + -8 + 2?
11
What is -2 - (-9 - -14) - 2 - -2?
-7
What is 17 - ((35 - 10) + -13)?
5
Evaluate (10 - 1) + -34 + -22 + 78.
31
Evaluate (-9 - -8) + -12 + (-7 - -5) - -1.
-14
Evaluate (-10 - -35 - 11) + -9.
5
(-172 - -183) + -2 + 1 + -12
-2
Calculate -1 + (-8 - -3) - (2 + 4 + -1).
-11
Evaluate 1 + -6 + 78 + -54 + -4.
15
What is (96 - 89 - (0 + 11)) + -1?
-5
What is the value of 6 + (-1 - 4) + (-9 - 5) + 3?
-10
What is the value of 5 - (15 + -9 - 6) - 2?
3
5 + 2 - (-234 - -235)
6
Evaluate -2 + (-3 - 0) - (9 - 2 - 10).
-2
What is the value of -8 + (1 - -8) + 7 - -7?
15
What is the value of (14 - -11) + -20 + 6?
11
What is 16 + -12 + 4 - (2 - 16)?
22
Evaluate (-3 - (1 + -12 - -8) - 8) + 1.
-7
What is -72 - -75 - (-2 - -1 - (-2 + 3))?
5
Evaluate -1 + -6 - (-6 - (8 + 9)).
16
Evaluate -35 + 18 + -31 + (3 - -27).
-18
Calculate 2 - (9 - (23 + 1)).
17
Calculate (3 - -4 - 4) + (6 - (7 - 4)).
6
(-2 - (-16 + 1)) + (-188 - -190)
15
Evaluate -32 + 52 - -1 - (8 - 1).
14
Calculate (0 - (-9 + 7)) + -5.
-3
What is the value of 32 + -45 + (-4 - -15)?
-2
What is the value of (-1 - 29) + (-1267 - -1287)?
-10
What is -11 + (38 + -17 - 5)?
5
Evaluate -2 + -14 + -3 - (-5 + 0).
-14
What is -5 - -22 - (4 - 0) - 8?
5
Calculate -20 - (-1 + 1 + (-68 - -74) - 7).
-19
What is the value of 19 + (12 - 13 - -14)?
32
What is the value of 1 + -1 - (201 - 198)?
-3
What is the value of -13 - ((-5 - 5) + -13)?
10
Evaluate (-17 - (-27 + 10) - -10) + -35.
-25
What is the value of (4 - 14 - (-9 + -18)) + -13?
4
Evaluate -26 + 18 - ((1 - 33 - -3) + 7).
14
4 + (1 + -3 - 21) - -8
-11
What is the value of 5 + (-9 - 4) - -4?
-4
48 + -62 - -18 - 45
-41
What is the value of 2 - (-5 + (4 - 3)) - -14?
20
What is (-9 - (2 - 5)) + 1 - 7?
-12
Evaluate -9 + (5 + 10 - (-4 - -12)).
-2
Calculate -12 - -2 - (7 + -21).
4
Evaluate -15 + 2 + 277 + -271.
-7
Evaluate -2 + -2 + 8 + (-52 - (15 - 64)).
1
What is (-1 + 1 - 6) + (-31 - (58 - 81))?
-14
-9 + (-3 - -6) + -2 - (97 + -95)
-10
What is (-48 - -29) + -1 + 8?
-12
-8 - (-43 + 26 + -29)
38
What is the value of (3 - (8 - 3)) + -7 + -4 + 6?
-7
-7 - (11 + -8) - (5 - 10)
-5
What is the value of -172 + 178 + 19 + -2 + 10?
33
7 - ((-7 - -13) + -5 - (-5 - -9))
10
39 - (-3 - -2) - (-559 + 569)
30
What is the value of -2 + 2 + -8 + 7 - 0 - 7?
-8
What is 1 + -19 + (4 - -5) + 2?
-7
-75 + 82 - (-3 + (0 - 3))
13
What is 1 + -6 + (-4 - 17 - -7 - 8)?
-27
What is 0 - -2 - (-40 - -39)?
3
What is the value of (-20 - -10) + (0 - -30 - 5)?
15
What is (1 - 0 - 6) + -86 + 75 + 3?
-13
8 - (-20 - (-18 + -8 + 12))
14
(2 - -9) + -7 - 4 - 8
-8
What is 34 - -2 - (-71 + 91)?
16
Calculate -383 - -417 - (3 + 34).
-3
Calculate (0 - -7) + (-12 - (7 + -23)).
11
1 + -47 + -1231 + 1260
-17
-41 - -47 - (4 + -1 + 0)
3
Evaluate -18 + 26 + -17 + 8.
-1
Evaluate 20 + -9 + -4 + (-9 - -10).
8
3 + (-31 - (-64 - -38))
-2
What is 8 - (-7 + 10 + -4) - 4?
5
Calculate 19 + -11 + (-13 - -9).
4
-80 + 45 - (-8 + -10)
-17
(-29 - -22 - 10) + 32
15
Evaluate -8 + -10 + 14 + (0 - -7) + 2.
5
What is the value of (-24 - 1) + 18 + -28 + 15 + 2?
-18
What is the value of 1 - (21 + (5 - 14))?
-11
1 - 0 - (21 + -28)
8
5 - -1 - (8 - (0 - 0)) - 14
-16
-3 + -30 + 36 - (17 - 1)
-13
What is the value of (8 - (-30 - -38)) + 0 + -4?
-4
Evaluate -10 + 11 + 6 + -1 - (-2 + 21).
-13
What is the value of -178 - -181 - (0 + 10 + (0 - -2))?
-9
What is the value of -2 + 11 - (-381 - -412)?
-22
(454 - 486) + 1 + 38
7
18 + (11 - 7) + -9
13
What is the value of -21 + -2 + (115 - 97) + 8?
3
-24 - (57 - 68) - (-16 - 1)
4
Evaluate (-15 - -25 - 14) + -7 + 1.
-10
What is the value of -14 + (5 + (5 - 5 - 3) - -8)?
-4
Evaluate 7 + -1 + (2 - -2 - 3).
7
Evaluate -3 + (34 + -14 - 10) + 14.
21
Calculate (-9 + -7 + 21 - 10) + (0 - -15).
10
Calculate 0 + -2 - (-26 + 7 + 30).
-13
-25 - ((9 - 36) + 2)
0
-29 - (-20 - (-33 + 24))
-18
Evaluate -6 - (-7 + -10 + 4 + -6 + -1).
14
Calculate 3 + (4 - 2 - 3) + -4 + 3.
1
What is the value of 5 + (-17 - (-9 - 1))?
-2
Evalu